n base 3, what is -2120102 - -10220?
-2102112
In base 5, what is 0 - 3122242?
-3122242
In base 3, what is -20 + -1001022202100?
-1001022202120
In base 8, what is 3 - 577?
-574
In base 8, what is 124 - -245?
371
In base 2, what is 11011 - -10101000011101?
10101000111000
In base 2, what is -10001001111 - 111011?
-10010001010
In base 9, what is 5 + -6204?
-6188
In base 6, what is -4025542 - -4?
-4025534
In base 12, what is 0 + -9a24?
-9a24
In base 15, what is 10e59 + 2?
10e5b
In base 10, what is -3 - 13620?
-13623
In base 9, what is -187 + -1551?
-1748
In base 15, what is ed7 + 58?
1040
In base 14, what is 5 - 53db?
-53d6
In base 16, what is 14e4 - -b?
14ef
In base 11, what is -636 - 306?
-941
In base 11, what is 3805 - 11?
37a4
In base 8, what is -7 + 170002?
167773
In base 3, what is 2120010210 - -1?
2120010211
In base 16, what is -b8cc + -58?
-b924
In base 16, what is 5b7 - -25?
5dc
In base 6, what is -1 - -143252?
143251
In base 12, what is 3 + -37622?
-3761b
In base 16, what is 522 - -10?
532
In base 5, what is 232 - 2331300?
-2331013
In base 13, what is -91743 + 4?
-9173c
In base 8, what is 267501 - -1?
267502
In base 7, what is -56 + -23265?
-23354
In base 7, what is -36406 - -155?
-36221
In base 10, what is 0 + -18653?
-18653
In base 3, what is -10100210112220 + -11?
-10100210120001
In base 4, what is 10023102 - 2000?
10021102
In base 3, what is 11 + 21002000?
21002011
In base 11, what is -143 - -36?
-108
In base 9, what is 20 + 121413?
121433
In base 8, what is 1 - -43001?
43002
In base 8, what is -170 + -61635?
-62025
In base 4, what is 1010 - -12013?
13023
In base 6, what is 31431 - -4?
31435
In base 5, what is -12 + 11441?
11424
In base 10, what is -6 + -47482?
-47488
In base 13, what is -13a - -14?
-126
In base 9, what is 5 - -141120?
141125
In base 10, what is -297 - -166?
-131
In base 7, what is 30 - -3253?
3313
In base 2, what is 11111100010011 - -110010?
11111101000101
In base 5, what is -1 + -10210123?
-10210124
In base 7, what is -3 - -642533?
642530
In base 16, what is 2e20 + 1a?
2e3a
In base 9, what is -212 - 264?
-476
In base 16, what is 1571 + -8?
1569
In base 4, what is 22102201 + -3?
22102132
In base 6, what is -30 - 253252?
-253322
In base 9, what is -880870 - 11?
-880881
In base 6, what is 221102 - -14?
221120
In base 15, what is -5 + -1984?
-1989
In base 6, what is -12 + 140443?
140431
In base 3, what is 22100 + -10212?
11111
In base 7, what is 36 - -3020?
3056
In base 2, what is 10010010110011 - 10?
10010010110001
In base 2, what is -11 + -101000101100011?
-101000101100110
In base 9, what is -5 - -226?
221
In base 10, what is 25 + -7297?
-7272
In base 6, what is 42420 - -1?
42421
In base 11, what is 931 + 173?
aa4
In base 9, what is 1846467 - 5?
1846462
In base 7, what is -365445 - -3?
-365442
In base 4, what is -101120300 - 2?
-101120302
In base 9, what is -2047 + -4?
-2052
In base 2, what is 1110 - 1000000000000?
-111111110010
In base 11, what is 191 - -297?
478
In base 4, what is -123332 - -112220?
-11112
In base 14, what is -16 + -35b81?
-35b97
In base 2, what is 100000000110110 - -11100101?
100000100011011
In base 2, what is -1000 - -10111101100?
10111100100
In base 9, what is -4 + 3604?
3600
In base 14, what is 139ba1 + -1?
139ba0
In base 13, what is 53a2a6 - 3?
53a2a3
In base 11, what is -225 + 484?
25a
In base 5, what is -22304020 + -4?
-22304024
In base 5, what is -3412 + -2120?
-11032
In base 8, what is -2 - -2316356?
2316354
In base 16, what is -8a13a - 1?
-8a13b
In base 2, what is -110000100100 + -101101?
-110001010001
In base 4, what is 2302 + 1031?
3333
In base 5, what is 20123 - -21300?
41423
In base 3, what is -20122212201 - -12?
-20122212112
In base 14, what is -7109 - -17?
-70d2
In base 2, what is 1101110011 + 1010110?
1111001001
In base 3, what is 121112210 - -2?
121112212
In base 2, what is 1010101100001101 + 1100?
1010101100011001
In base 8, what is -2574075 + 3?
-2574072
In base 10, what is 145 - -1238?
1383
In base 2, what is 101 - -100011000000111?
100011000001100
In base 5, what is -3100 + 13234?
10134
In base 16, what is -6055 + -d?
-6062
In base 2, what is 1011 - -1010001001100?
1010001010111
In base 14, what is -2 - 561a?
-561c
In base 4, what is 20 + 3310103?
3310123
In base 4, what is 3 - 1310300033?
-1310300030
In base 2, what is -1001110000110 + 11000?
-1001101101110
In base 13, what is 0 - 6ac8?
-6ac8
In base 11, what is -5 + 1718?
1713
In base 8, what is -13176754 + -2?
-13176756
In base 4, what is -12032310 - 2?
-12032312
In base 8, what is 14 - 215?
-201
In base 11, what is 1 - -703307?
703308
In base 14, what is 907d + 28?
90a7
In base 8, what is -3510 + -11?
-3521
In base 11, what is 2707 + -a6?
2611
In base 4, what is -211100 - -121?
-210313
In base 7, what is 3 + 100032?
100035
In base 12, what is 0 + -3297?
-3297
In base 7, what is 30516 - 240?
30246
In base 6, what is -5 - -13443250?
13443241
In base 2, what is -111110001010111111 + -10?
-111110001011000001
In base 12, what is -29553 - 0?
-29553
In base 16, what is -2 + 6f84?
6f82
In base 15, what is -30c + 6?
-306
In base 13, what is -2204 + 2?
-2202
In base 6, what is -152500312 - 1?
-152500313
In base 8, what is 546663 + -2?
546661
In base 6, what is -151 - 335144?
-335335
In base 9, what is -333 + 3073?
2640
In base 6, what is -3410 + -15550?
-23400
In base 14, what is -4 - ba1?
-ba5
In base 6, what is -50 - 2341?
-2431
In base 5, what is 10 + -10030244?
-10030234
In base 15, what is -22c - -17a9?
157c
In base 13, what is 333 - 16c?
194
In base 12, what is -157a - 1b?
-1599
In base 5, what is 2 + 103220?
103222
In base 6, what is -121 + -114052?
-114213
In base 16, what is 11024 + -1?
11023
In base 16, what is 34 - -b4?
e8
In base 10, what is -10850 - 2?
-10852
In base 4, what is -102 + -113122?
-113230
In base 5, what is 10010 - 10?
10000
In base 9, what is 147 + -26?
121
In base 10, what is 3 + 182827?
182830
In base 6, what is 4 + -3312421?
-3312413
In base 14, what is 8085 + -3?
8082
In base 10, what is 57134 + -5?
57129
In base 13, what is 52 + 168?
1ba
In base 16, what is -9 + 2d2e?
2d25
In base 4, what is -22 - -223010232?
223010210
In base 9, what is -22576 - 402?
-23078
In base 10, what is 246576 - -2?
246578
In base 7, what is -1 - -42232?
42231
In base 13, what is 1 + -9349?
-9348
In base 2, what is 1100011 + 10111?
1111010
In base 2, what is -1011 + 1110111?
1101100
In base 4, what is -320012 + 13031?
-300321
In base 11, what is 134696 - 1a?
134677
In base 3, what is 1011211002 + -2?
1011211000
In base 16, what is -4c + 5a2?
556
In base 15, what is -1 - 14300?
-14301
In base 11, what is 9924 + 3?
9927
In base 9, what is 15303 + 22?
15325
In base 9, what is -25645 - 46?
-25702
In base 13, what is 4113 + 24c?
4362
In base 10, what is -4 + 106171?
106167
In base 11, what is -3840 - -11?
-382a
In base 11, what is -13a2 - -197?
-1206
In base 10, what is -12209 - 5?
-12214
In base 14, what is -2 + d972?
d970
In base 6, what is -43 + -30552?
-31035
In base 7, what is 364355 - 15?
364340
In base 12, what is 29a - 247?
53
In base 7, what is 4 + -14534?
-14530
In base 13, what is -293ab - a?
-293b8
In base 9, what is 6 + 1565?
1572
In base 12, what is -5 + -3a478?
-3a481
In base 5, what is 12 + -33433?
-33421
In base 7, what is 1240550 - 25?
1240522
In base 15, what is b + -a79?
-a6d
In base 12, what is -16 + -816?
-830
In base 16, what is 6b0 + -93?
61d
In base 8, what is -4 + 54071?
54065
In base 16, what is -5 + -425e?
-4263
In base 6, what is -250 - -410?
120
In base 6, what is -21301 - 41?
-21342
In base 9, what is 5 + 1426786?
1426802
In base 8, what is -1630476 + -2?
-1630500
In base 12, what is 3 - 769b?
-7698
In base 9, what is -6457 + -252?
-6720
In base 10, what is 0 + 43157?
43157
In base 16, what is 6789 + 1f?
67a8
In base 14, what is 9 + -b1928?
-b191d
In base 2, what is -100010101001111101 - -111?
-100010101001110110
In base 10, what is 1016 - 77?
939
In base 13, what is -b + -7072?
-7080
In base 3, what is -1001211 + 10?
-1001201
In base 8, what is -22777 + 6?
-22771
In base 14, what is -5 - 40022?
-40027
In base 4, what is -3 - 13320331?
-13321000
In base 9, what is -3744 - 8?
-3753
In base 12, what is -a816a + -3?
-a8171
In base 10, what is 27579 + -1?
27578
In base 3, what is -21022111210 - -12?
-